{"id":1551,"date":"2014-07-23T19:30:38","date_gmt":"2014-07-23T17:30:38","guid":{"rendered":"https:\/\/www.mhornstein.de\/michael-domain\/?page_id=2"},"modified":"2020-09-25T11:52:00","modified_gmt":"2020-09-25T09:52:00","slug":"ueber-mich","status":"publish","type":"page","link":"https:\/\/www.mhornstein.de\/michael\/index.php\/ueber-mich\/","title":{"rendered":"\u00dcber mich"},"content":{"rendered":"<p style=\"text-align: justify;\">Ich bin 56 Jahre alt und arbeite als Service-Ingenieur weltweit im Au\u00dfendienst. In meiner raren Freizeit besch\u00e4ftige ich mich mit Computern und Webseitenentwicklung. Ein anderes Steckenpferd ist der Modellbau. Gegenw\u00e4rtig habe ich als gr\u00f6\u00dferes Projekt die &#8222;Sovereign of the Seas&#8220; fertig gestellt.<\/p>\n<p style=\"text-align: justify;\">Unterwegs versuche ich, wenn es mir m\u00f6glich ist, interessante Orte per Bild festzuhalten. Einen Teil davon habe ich in meiner <a title=\"Fotogalerie\" href=\"https:\/\/www.mhornstein.de\/michael\/index.php\/fotogalerie\/\">Online-Galerie<\/a>.<\/p>\n<p style=\"text-align: justify;\">Meine Lieblingsmusik: 80&#8217;s, Pink Floyd<\/p>\n<p>Mein Lieblingssender: <a title=\"R.SA - Mit B\u00f6ttcher &amp; Fischer\" href=\"http:\/\/rsa-sachsen.de\" target=\"_blank\" rel=\"noopener noreferrer\">R.SA-Sachsen\u00a0<\/a><\/p>\n","protected":false},"excerpt":{"rendered":"<p>Ich bin 56 Jahre alt und arbeite als Service-Ingenieur weltweit im Au\u00dfendienst. In meiner raren Freizeit besch\u00e4ftige ich mich mit Computern und Webseitenentwicklung. Ein anderes Steckenpferd ist der Modellbau. Gegenw\u00e4rtig habe ich als gr\u00f6\u00dferes&#46;&#46;&#46;<\/p>\n","protected":false},"author":1,"featured_media":0,"parent":0,"menu_order":0,"comment_status":"closed","ping_status":"closed","template":"","meta":{"jetpack_post_was_ever_published":false},"jetpack_sharing_enabled":false,"jetpack_shortlink":"https:\/\/wp.me\/ParwC5-p1","jetpack-related-posts":[{"id":184,"url":"https:\/\/www.mhornstein.de\/michael\/index.php\/impressum\/","url_meta":{"origin":1551,"position":0},"title":"Impressum","date":"25. Juli 2014","format":false,"excerpt":"Inhaltlich Verantwortlicher gem\u00e4\u00df \u00a710 Absatz 3 MDStV: Michael Hornstein Berliner Str. 5 41352 Korschenbroich www: m-hornstein.de email: Haftungshinweis:\u00a0Trotz sorgf\u00e4ltiger inhaltlicher Kontrolle \u00fcbernehme ich keine Haftung f\u00fcr die Inhalte externer Links. F\u00fcr den Inhalt der verlinkten Seiten sind ausschlie\u00dflich deren Betreiber verantwortlich.","rel":"","context":"\u00c4hnlicher Beitrag","img":{"alt_text":"","src":"","width":0,"height":0},"classes":[]},{"id":1523,"url":"https:\/\/www.mhornstein.de\/michael\/index.php\/datenschutzerklaerung-2\/","url_meta":{"origin":1551,"position":1},"title":"Datenschutzerkl\u00e4rung","date":"28. Mai 2018","format":false,"excerpt":"Allgemeiner Hinweis und Pflichtinformationen Benennung der verantwortlichen Stelle Die verantwortliche Stelle f\u00fcr die Datenverarbeitung auf dieser Website ist: Michael Hornstein Berliner Str. 5 41352 Korschenbroich Die verantwortliche Stelle entscheidet allein oder gemeinsam mit anderen \u00fcber die Zwecke und Mittel der Verarbeitung von personenbezogenen Daten (z.B. Namen, Kontaktdaten o. \u00c4.). Widerruf\u2026","rel":"","context":"\u00c4hnlicher Beitrag","img":{"alt_text":"","src":"","width":0,"height":0},"classes":[]}],"_links":{"self":[{"href":"https:\/\/www.mhornstein.de\/michael\/index.php\/wp-json\/wp\/v2\/pages\/1551"}],"collection":[{"href":"https:\/\/www.mhornstein.de\/michael\/index.php\/wp-json\/wp\/v2\/pages"}],"about":[{"href":"https:\/\/www.mhornstein.de\/michael\/index.php\/wp-json\/wp\/v2\/types\/page"}],"author":[{"embeddable":true,"href":"https:\/\/www.mhornstein.de\/michael\/index.php\/wp-json\/wp\/v2\/users\/1"}],"replies":[{"embeddable":true,"href":"https:\/\/www.mhornstein.de\/michael\/index.php\/wp-json\/wp\/v2\/comments?post=1551"}],"version-history":[{"count":2,"href":"https:\/\/www.mhornstein.de\/michael\/index.php\/wp-json\/wp\/v2\/pages\/1551\/revisions"}],"predecessor-version":[{"id":1688,"href":"https:\/\/www.mhornstein.de\/michael\/index.php\/wp-json\/wp\/v2\/pages\/1551\/revisions\/1688"}],"wp:attachment":[{"href":"https:\/\/www.mhornstein.de\/michael\/index.php\/wp-json\/wp\/v2\/media?parent=1551"}],"curies":[{"name":"wp","href":"https:\/\/api.w.org\/{rel}","templated":true}]}}