{"id":184,"date":"2014-07-25T14:52:16","date_gmt":"2014-07-25T13:52:16","guid":{"rendered":"https:\/\/www.mhornstein.de\/michael-domain\/?page_id=184"},"modified":"2014-07-25T14:52:16","modified_gmt":"2014-07-25T13:52:16","slug":"impressum","status":"publish","type":"page","link":"https:\/\/www.mhornstein.de\/michael\/index.php\/impressum\/","title":{"rendered":"Impressum"},"content":{"rendered":"<p style=\"color: #404040; font-family: arial, helvetica, sans-serif; font-size: medium; font-style: normal; font-variant: normal; font-weight: normal; letter-spacing: normal; line-height: normal; orphans: auto; text-align: start; text-indent: 0px; text-transform: none; white-space: normal; widows: auto; word-spacing: 0px; -webkit-text-stroke-width: 0px; background-color: #ffffff;\"><em>Inhaltlich Verantwortlicher gem\u00e4\u00df \u00a710 Absatz 3 MDStV:<\/em><\/p>\n<p style=\"color: #404040; font-family: arial,helvetica,sans-serif; font-size: medium; font-style: normal; font-variant: normal; font-weight: normal; letter-spacing: normal; line-height: normal; text-align: start; text-indent: 0px; text-transform: none; white-space: normal; word-spacing: 0px; background-color: #ffffff; padding-left: 30px;\"><strong>Michael Hornstein<br \/>\nBerliner Str. 5<\/strong><br \/>\n<strong>41352 Korschenbroich<\/strong><\/p>\n<p style=\"color: #404040; font-family: arial,helvetica,sans-serif; font-size: medium; font-style: normal; font-variant: normal; font-weight: normal; letter-spacing: normal; line-height: normal; text-align: start; text-indent: 0px; text-transform: none; white-space: normal; word-spacing: 0px; background-color: #ffffff; padding-left: 30px;\">www: <a title=\"m-hornstein.de\" href=\"http:\/\/www.m-hornstein.de\">m-hornstein.de<\/a><br \/>\nemail: <!--CTX!--><span rel=\"6b311430c6312e319b311b31853114306e3122309a31203185310e31a6313e31c1312f31b5311b31b331253172310b31b031\" class=\"cryptex \" style=\"\"><span class=\"CryptexImg ctxv8DplV4d59ci4qlvUXRartwztPtwaehi3S3CH3DSWpc\"><\/span><\/span><!--\/CTX!--><\/p>\n<p style=\"color: #404040; font-family: arial, helvetica, sans-serif; font-size: 1em; font-style: normal; font-variant: normal; font-weight: normal; letter-spacing: normal; orphans: auto; text-indent: 0px; text-transform: none; white-space: normal; widows: auto; word-spacing: 0px; -webkit-text-stroke-width: 0px; line-height: 1.4em; text-align: justify; background-color: #ffffff;\"><em><br \/>\nHaftungshinweis:<\/em><span class=\"Apple-converted-space\">\u00a0<\/span>Trotz sorgf\u00e4ltiger inhaltlicher Kontrolle \u00fcbernehme ich keine Haftung f\u00fcr die Inhalte externer Links. F\u00fcr den Inhalt der verlinkten Seiten sind ausschlie\u00dflich deren Betreiber verantwortlich.<\/p>\n","protected":false},"excerpt":{"rendered":"<p>Inhaltlich Verantwortlicher gem\u00e4\u00df \u00a710 Absatz 3 MDStV: Michael Hornstein Berliner Str. 5 41352 Korschenbroich www: m-hornstein.de email: Haftungshinweis:\u00a0Trotz sorgf\u00e4ltiger inhaltlicher Kontrolle \u00fcbernehme ich keine Haftung f\u00fcr die Inhalte externer Links. F\u00fcr den Inhalt der&#46;&#46;&#46;<\/p>\n","protected":false},"author":1,"featured_media":0,"parent":0,"menu_order":0,"comment_status":"closed","ping_status":"open","template":"","meta":{"jetpack_post_was_ever_published":false},"jetpack_sharing_enabled":false,"jetpack_shortlink":"https:\/\/wp.me\/ParwC5-2Y","jetpack-related-posts":[{"id":1523,"url":"https:\/\/www.mhornstein.de\/michael\/index.php\/datenschutzerklaerung-2\/","url_meta":{"origin":184,"position":0},"title":"Datenschutzerkl\u00e4rung","date":"28. Mai 2018","format":false,"excerpt":"Allgemeiner Hinweis und Pflichtinformationen Benennung der verantwortlichen Stelle Die verantwortliche Stelle f\u00fcr die Datenverarbeitung auf dieser Website ist: Michael Hornstein Berliner Str. 5 41352 Korschenbroich Die verantwortliche Stelle entscheidet allein oder gemeinsam mit anderen \u00fcber die Zwecke und Mittel der Verarbeitung von personenbezogenen Daten (z.B. Namen, Kontaktdaten o. \u00c4.). Widerruf\u2026","rel":"","context":"\u00c4hnlicher Beitrag","img":{"alt_text":"","src":"","width":0,"height":0},"classes":[]},{"id":1486,"url":"https:\/\/www.mhornstein.de\/michael\/index.php\/fotogalerie\/","url_meta":{"origin":184,"position":1},"title":"Fotogalerie","date":"20. M\u00e4rz 2018","format":false,"excerpt":"","rel":"","context":"\u00c4hnlicher Beitrag","img":{"alt_text":"","src":"","width":0,"height":0},"classes":[]},{"id":361,"url":"https:\/\/www.mhornstein.de\/michael\/index.php\/kontakt-2\/","url_meta":{"origin":184,"position":2},"title":"Kontakt","date":"10. August 2014","format":false,"excerpt":"","rel":"","context":"\u00c4hnlicher Beitrag","img":{"alt_text":"","src":"","width":0,"height":0},"classes":[]},{"id":1551,"url":"https:\/\/www.mhornstein.de\/michael\/index.php\/ueber-mich\/","url_meta":{"origin":184,"position":3},"title":"\u00dcber mich","date":"23. Juli 2014","format":false,"excerpt":"Ich bin 56 Jahre alt und arbeite als Service-Ingenieur weltweit im Au\u00dfendienst. In meiner raren Freizeit besch\u00e4ftige ich mich mit Computern und Webseitenentwicklung. Ein anderes Steckenpferd ist der Modellbau. Gegenw\u00e4rtig habe ich als gr\u00f6\u00dferes Projekt die \"Sovereign of the Seas\" fertig gestellt. Unterwegs versuche ich, wenn es mir m\u00f6glich ist,\u2026","rel":"","context":"\u00c4hnlicher Beitrag","img":{"alt_text":"","src":"","width":0,"height":0},"classes":[]}],"_links":{"self":[{"href":"https:\/\/www.mhornstein.de\/michael\/index.php\/wp-json\/wp\/v2\/pages\/184"}],"collection":[{"href":"https:\/\/www.mhornstein.de\/michael\/index.php\/wp-json\/wp\/v2\/pages"}],"about":[{"href":"https:\/\/www.mhornstein.de\/michael\/index.php\/wp-json\/wp\/v2\/types\/page"}],"author":[{"embeddable":true,"href":"https:\/\/www.mhornstein.de\/michael\/index.php\/wp-json\/wp\/v2\/users\/1"}],"replies":[{"embeddable":true,"href":"https:\/\/www.mhornstein.de\/michael\/index.php\/wp-json\/wp\/v2\/comments?post=184"}],"version-history":[{"count":0,"href":"https:\/\/www.mhornstein.de\/michael\/index.php\/wp-json\/wp\/v2\/pages\/184\/revisions"}],"wp:attachment":[{"href":"https:\/\/www.mhornstein.de\/michael\/index.php\/wp-json\/wp\/v2\/media?parent=184"}],"curies":[{"name":"wp","href":"https:\/\/api.w.org\/{rel}","templated":true}]}}